e number?
False
Is 96296201 composite?
True
Is 1638615445 a prime number?
False
Is 1524925261 composite?
False
Is 61797383821 composite?
False
Is 39644879 a composite number?
False
Is 54669961 a prime number?
True
Is 5656808319 a composite number?
True
Is 5951435839 composite?
True
Is 24271081309 a composite number?
False
Is 55863331 prime?
True
Is 93644179609 a prime number?
False
Is 5277847427 composite?
False
Is 251750383 a composite number?
False
Is 69686197949 a prime number?
False
Is 31182015103 composite?
True
Is 857494517 composite?
True
Is 1259108953 composite?
False
Is 2260200251 a composite number?
False
Is 1716037471 a composite number?
False
Is 376753561 a composite number?
False
Is 526855039 prime?
True
Is 1661034457 a composite number?
False
Is 581591597 a prime number?
True
Is 692459177 prime?
True
Is 171095773 a prime number?
False
Is 9496011851 a composite number?
False
Is 1746501929 prime?
True
Is 4118817527 a composite number?
True
Is 1296540965 composite?
True
Is 4547779169 prime?
True
Is 1104921179 a composite number?
False
Is 3380687227 a prime number?
True
Is 734759423 a prime number?
True
Is 210677911 a composite number?
True
Is 148272042561 a composite number?
True
Is 22413969755 composite?
True
Is 8996432789 a composite number?
False
Is 20168780449 prime?
False
Is 56416777613 prime?
False
Is 40508923883 a composite number?
True
Is 6844730543 prime?
False
Is 1028558081 a composite number?
False
Is 153614658299 a composite number?
False
Is 17490624191 composite?
False
Is 50071305289 prime?
False
Is 8173671119 prime?
True
Is 85475211259 prime?
False
Is 50208890213 a prime number?
True
Is 59882988266 composite?
True
Is 241557439 composite?
True
Is 71312113385 a composite number?
True
Is 1179066905 prime?
False
Is 16782399421 a composite number?
False
Is 11798502973 a composite number?
False
Is 27313761701 a prime number?
False
Is 357582779 a composite number?
True
Is 1822375159 composite?
True
Is 51912917621 a prime number?
True
Is 39049741 composite?
False
Is 2045409865 a prime number?
False
Is 8347182587 composite?
False
Is 65869257611 a composite number?
False
Is 6545081911 a composite number?
True
Is 6726710129 prime?
False
Is 29218124393 a composite number?
False
Is 658210949 a composite number?
True
Is 1422986585 prime?
False
Is 83659019 a prime number?
True
Is 2454252373 a composite number?
False
Is 1464747589 a prime number?
False
Is 116729305453 prime?
True
Is 19866402593 a composite number?
False
Is 2717132735 composite?
True
Is 772537729 a composite number?
False
Is 4704151735 a composite number?
True
Is 2786738077 a prime number?
False
Is 3498600734 a prime number?
False
Is 11130761129 a prime number?
False
Is 1125325153 prime?
True
Is 64818234989 a composite number?
False
Is 116185572673 a prime number?
False
Is 12191993533 a composite number?
False
Is 127271982361 a composite number?
False
Is 12389720977 a prime number?
False
Is 34737013081 prime?
True
Is 20504735417 a prime number?
True
Is 114636803 prime?
True
Is 9874711397 prime?
True
Is 248707103 composite?
True
Is 76556387 a composite number?
False
Is 20149986613 prime?
True
Is 8831846591 prime?
True
Is 38525871821 a composite number?
True
Is 359123603 a prime number?
True
Is 128963841035 prime?
False
Is 427028177 a composite number?
False
Is 20036571953 a prime number?
True
Is 1142403758 a prime number?
False
Is 43891965577 composite?
True
Is 12921795179 a composite number?
True
Is 12087487631 prime?
True
Is 42432282679 a prime number?
True
Is 4892952721 a composite number?
False
Is 3257486321 a composite number?
False
Is 185380157 composite?
True
Is 13557551509 prime?
True
Is 20122886549 composite?
False
Is 35249621633 a composite number?
True
Is 15311070739 a composite number?
False
Is 28580188223 a composite number?
True
Is 3130186459 composite?
True
Is 4207606073 a prime number?
False
Is 1125140149 a composite number?
True
Is 70102523 prime?
True
Is 722922217 prime?
True
Is 9552984323 prime?
False
Is 3597831187 a prime number?
True
Is 2125901923 a prime number?
False
Is 9662951411 a prime number?
True
Is 6600850703 a prime number?
True
Is 1433588489 prime?
True
Is 1367760689 composite?
False
Is 4126613437 a prime number?
True
Is 102914593 prime?
True
Is 4486846867 a composite number?
False
Is 32713576193 composite?
True
Is 2371217215 a composite number?
True
Is 6551872799 composite?
False
Is 253788191 prime?
True
Is 11647524859 a prime number?
True
Is 14387787161 composite?
True
Is 38971954337 a prime number?
False
Is 1807811741 composite?
False
Is 526504081 prime?
True
Is 1906982813 prime?
True
Is 201033017903 composite?
False
Is 84948071 composite?
True
Is 22871179 prime?
False
Is 639322793 prime?
False
Is 100465190317 a composite number?
True
Is 2329592539 a composite number?
False
Is 25720862117 prime?
True
Is 5202252673 composite?
False
Is 12581932931 a composite number?
False
Is 1984157519 a prime number?
False
Is 16761100229 prime?
True
Is 348852013 prime?
True
Is 854012639 a composite number?
True
Is 572389234 a prime number?
False
Is 7161302257 prime?
False
Is 3731294591 a composite number?
False
Is 139681351 prime?
False
Is 113573729 a prime number?
False
Is 104722303979 composite?
True
Is 16573568171 a composite number?
False
Is 1753039219 a composite number?
False
Is 687656117 composite?
False
Is 4782229901 prime?
False
Is 76849629193 a prime number?
True
Is 16533577867 a composite number?
False
Is 114893477 a prime number?
False
Is 5161495291 a composite number?
True
Is 107054706701 a prime number?
True
Is 12775439989 prime?
False
Is 780832666 a prime number?
False
Is 45681629 prime?
False
Is 5406141271 composite?
False
Is 32280026831 composite?
True
Is 9855970603 a composite number?
True
Is 705082151 a composite number?
False
Is 14533430437 a prime number?
True
Is 23712709 a prime number?
True
Is 17619421621 composite?
True
Is 10312717561 a composite number?
False
Is 87892900003 composite?
False
Is 49816112029 composite?
True
Is 3345539027 composite?
False
Is 1297372481 a prime number?
False
Is 53169252197 composite?
True
Is 172112362 a composite number?
True
Is 73924375937 prime?
True
Is 86592143843 a composite number?
False
Is 30269402983 composite?
True
Is 1505651534 a prime number?
False
Is 33262306537 prime?
False
Is 104717770409 a composite number?
True
Is 1321571369 a composite number?
True
Is 2390147999 prime?
True
Is 21758400437 a prime number?
True
Is 1209204845 composite?
True
Is 2595237031 prime?
True
Is 32139027733 prime?
True
Is 1813309387 a prime number?
True
Is 52844291021 a prime number?
True
Is 7921367147 a composite number?
False
Is 91237609 a composite number?
True
Is 6035830147 composite?
True
Is 1513941557 prime?
True
Is 1493885201 prime?
True
Is 778830629 a prime number?
False
Is 901566709 a prime number?
True
Is 2423640161 composite?
True
Is 2147696333 composite?
False
Is 1177180391 prime?
False
Is 4709505146 a prime number?
False
Is 15710474009 prime?
True
Is 3062977991 composite?
True
Is 6163756817 prime?
False
Is 31429295701 a composite number?
False
Is 22006302061 a prime number?
True
Is 4570567 prime?
True
Is 5128454557 a prime number?
True
Is 12618839461 prime?
True
Is 21285941 a prime number?
True
Is 753749071 a prime number?
True
Is 32751350183 composite?
True
Is 435522385 a prime number?
False
Is 547698193 composite?
True
Is 10251113623 a composite number?
True
Is 52574689819 a composite number?
True
Is 6416273957 prime?
False
Is 6461851603 a composite number?
False
Is 1079234878 prime?
False
Is 2813855783 a composite number?
False
Is 16810595017 a composite number?
False
Is 43963764011 composite?
False
Is 1626000049 prime?
True
Is 337333019 a prime number?
False
Is 43850558617 prime?
False
Is 511566117 prime?
False
Is 106920841 composite?
False
Is 6936208309 a composite number?
True
Is 1003387319 composite?
True
Is 1353697223 composite?
True
Is 9995148739 a prime number?
False
Is 75938179 a prime number?
False
Is 4972869971 prime?
False
Is 579946453 prime?
False
Is 407594543 a composite number?
False
Is 347031809 a composite number?
False
Is 2422989629 a composite number?
True
Is 22666532677 composite?
True
Is 31543466959 a prime number?
False
Is 7002308021 a composite number?
False
Is 48233683 